{"id":2493,"date":"2016-08-20T14:05:26","date_gmt":"2016-08-20T12:05:26","guid":{"rendered":"https:\/\/chorverband-region-kocher.de\/cms\/?page_id=2493"},"modified":"2023-02-15T10:33:24","modified_gmt":"2023-02-15T09:33:24","slug":"praesidenten","status":"publish","type":"page","link":"https:\/\/chorverband-region-kocher.de\/cms\/praesidenten\/","title":{"rendered":"Pr\u00e4sidenten"},"content":{"rendered":"<p>Pr\u00e4sidenten 2010-2020 Klaus Sch\u00f6nfeld Mainhardt-Bubenorbis 2020 &#8211; Roland Miola Fichtenberg<\/p>\n","protected":false},"excerpt":{"rendered":"<p>Pr\u00e4sidenten 2010-2020 Klaus Sch\u00f6nfeld Mainhardt-Bubenorbis 2020 &#8211; Roland Miola Fichtenberg<\/p>\n","protected":false},"author":1,"featured_media":0,"parent":0,"menu_order":0,"comment_status":"closed","ping_status":"closed","template":"","meta":{"footnotes":""},"class_list":["post-2493","page","type-page","status-publish","hentry","no-thumb"],"_links":{"self":[{"href":"https:\/\/chorverband-region-kocher.de\/cms\/wp-json\/wp\/v2\/pages\/2493","targetHints":{"allow":["GET"]}}],"collection":[{"href":"https:\/\/chorverband-region-kocher.de\/cms\/wp-json\/wp\/v2\/pages"}],"about":[{"href":"https:\/\/chorverband-region-kocher.de\/cms\/wp-json\/wp\/v2\/types\/page"}],"author":[{"embeddable":true,"href":"https:\/\/chorverband-region-kocher.de\/cms\/wp-json\/wp\/v2\/users\/1"}],"replies":[{"embeddable":true,"href":"https:\/\/chorverband-region-kocher.de\/cms\/wp-json\/wp\/v2\/comments?post=2493"}],"version-history":[{"count":21,"href":"https:\/\/chorverband-region-kocher.de\/cms\/wp-json\/wp\/v2\/pages\/2493\/revisions"}],"predecessor-version":[{"id":4257,"href":"https:\/\/chorverband-region-kocher.de\/cms\/wp-json\/wp\/v2\/pages\/2493\/revisions\/4257"}],"wp:attachment":[{"href":"https:\/\/chorverband-region-kocher.de\/cms\/wp-json\/wp\/v2\/media?parent=2493"}],"curies":[{"name":"wp","href":"https:\/\/api.w.org\/{rel}","templated":true}]}}

Präsidenten

<p>Präsidenten 2010-2020 Klaus Schönfeld Mainhardt-Bubenorbis 2020 &#8211; Roland Miola Fichtenberg</p>
