{"id":2544,"date":"2016-08-20T18:17:16","date_gmt":"2016-08-20T16:17:16","guid":{"rendered":"https:\/\/chorverband-region-kocher.de\/cms\/?page_id=2544"},"modified":"2023-02-15T11:35:55","modified_gmt":"2023-02-15T10:35:55","slug":"links","status":"publish","type":"page","link":"https:\/\/chorverband-region-kocher.de\/cms\/links\/","title":{"rendered":"Links"},"content":{"rendered":"<p>Links Wir arbeiten zusammen mit unseren Dachverb\u00e4nden und Deutscher Chorverband Schw\u00e4bischer Chorverband \u00a0 \u00a0 &nbsp; Die vier Gr\u00fcnderst\u00e4dte des &#8222;Chorverbandes Region Kocher e.V.&#8220; Schw\u00e4bisch Hall \u00d6hringen Gaildorf K\u00fcnzelsau<\/p>\n","protected":false},"excerpt":{"rendered":"<p>Links Wir arbeiten zusammen mit unseren Dachverb\u00e4nden und Deutscher Chorverband Schw\u00e4bischer Chorverband \u00a0 \u00a0 &nbsp; Die vier Gr\u00fcnderst\u00e4dte des &#8222;Chorverbandes Region Kocher e.V.&#8220; Schw\u00e4bisch Hall \u00d6hringen Gaildorf K\u00fcnzelsau<\/p>\n","protected":false},"author":1,"featured_media":0,"parent":0,"menu_order":0,"comment_status":"closed","ping_status":"closed","template":"","meta":{"footnotes":""},"class_list":["post-2544","page","type-page","status-publish","hentry","no-thumb"],"_links":{"self":[{"href":"https:\/\/chorverband-region-kocher.de\/cms\/wp-json\/wp\/v2\/pages\/2544","targetHints":{"allow":["GET"]}}],"collection":[{"href":"https:\/\/chorverband-region-kocher.de\/cms\/wp-json\/wp\/v2\/pages"}],"about":[{"href":"https:\/\/chorverband-region-kocher.de\/cms\/wp-json\/wp\/v2\/types\/page"}],"author":[{"embeddable":true,"href":"https:\/\/chorverband-region-kocher.de\/cms\/wp-json\/wp\/v2\/users\/1"}],"replies":[{"embeddable":true,"href":"https:\/\/chorverband-region-kocher.de\/cms\/wp-json\/wp\/v2\/comments?post=2544"}],"version-history":[{"count":9,"href":"https:\/\/chorverband-region-kocher.de\/cms\/wp-json\/wp\/v2\/pages\/2544\/revisions"}],"predecessor-version":[{"id":4267,"href":"https:\/\/chorverband-region-kocher.de\/cms\/wp-json\/wp\/v2\/pages\/2544\/revisions\/4267"}],"wp:attachment":[{"href":"https:\/\/chorverband-region-kocher.de\/cms\/wp-json\/wp\/v2\/media?parent=2544"}],"curies":[{"name":"wp","href":"https:\/\/api.w.org\/{rel}","templated":true}]}}

<p>Links Wir arbeiten zusammen mit unseren Dachverbänden und Deutscher Chorverband Schwäbischer Chorverband     &nbsp; Die vier Gründerstädte des &#8222;Chorverbandes Region Kocher e.V.&#8220; Schwäbisch Hall Öhringen Gaildorf Künzelsau</p>
