{"id":2665,"date":"2016-08-24T15:02:40","date_gmt":"2016-08-24T13:02:40","guid":{"rendered":"https:\/\/chorverband-region-kocher.de\/cms\/?page_id=2665"},"modified":"2024-11-18T18:10:11","modified_gmt":"2024-11-18T17:10:11","slug":"gesamtbeirat","status":"publish","type":"page","link":"https:\/\/chorverband-region-kocher.de\/cms\/gesamtbeirat\/","title":{"rendered":"Gesamtbeirat"},"content":{"rendered":"<h1>Gesamtbeirat<\/h1>\n<p>&nbsp;<\/p>\n<p>&nbsp;<\/p>\n<figure id=\"attachment_5381\" aria-describedby=\"caption-attachment-5381\" style=\"width: 1072px\" class=\"wp-caption alignnone\"><img loading=\"lazy\" decoding=\"async\" class=\" wp-image-5381\" src=\"https:\/\/chorverband-region-kocher.de\/cms\/wp-content\/uploads\/2024\/06\/CVRK-Praesidium-und-Beirat-2024-300x225.jpg\" alt=\"\" width=\"1072\" height=\"804\" srcset=\"https:\/\/chorverband-region-kocher.de\/cms\/wp-content\/uploads\/2024\/06\/CVRK-Praesidium-und-Beirat-2024-300x225.jpg 300w, https:\/\/chorverband-region-kocher.de\/cms\/wp-content\/uploads\/2024\/06\/CVRK-Praesidium-und-Beirat-2024-1024x768.jpg 1024w, https:\/\/chorverband-region-kocher.de\/cms\/wp-content\/uploads\/2024\/06\/CVRK-Praesidium-und-Beirat-2024-768x576.jpg 768w, https:\/\/chorverband-region-kocher.de\/cms\/wp-content\/uploads\/2024\/06\/CVRK-Praesidium-und-Beirat-2024-1536x1152.jpg 1536w, https:\/\/chorverband-region-kocher.de\/cms\/wp-content\/uploads\/2024\/06\/CVRK-Praesidium-und-Beirat-2024-2048x1536.jpg 2048w, https:\/\/chorverband-region-kocher.de\/cms\/wp-content\/uploads\/2024\/06\/CVRK-Praesidium-und-Beirat-2024-418x314.jpg 418w, https:\/\/chorverband-region-kocher.de\/cms\/wp-content\/uploads\/2024\/06\/CVRK-Praesidium-und-Beirat-2024-301x226.jpg 301w\" sizes=\"auto, (max-width: 1072px) 100vw, 1072px\" \/><figcaption id=\"caption-attachment-5381\" class=\"wp-caption-text\">von links: Rainer Langenstein, Elvira Kugler, Bernhard Lack, Roland Miola, Monika Mogler, Erika Bauer, Sigrid Hille, Karl-Heinz Gollowitsch, Martina Betz, Manfred Ruchozki, Heinz Gro\u00df (Angela Westh\u00e4u\u00dfer-Kowalski fehlt)<\/figcaption><\/figure>\n<div id=\"kpm-root\" class=\"kpm_LTR\"><\/div>\n<div id=\"kpm-root\" class=\"kpm_LTR\"><\/div>\n<div id=\"kpm-root\" class=\"kpm_LTR\"><\/div>\n<div id=\"kpm-root\" class=\"kpm_LTR\"><\/div>\n<div id=\"kpm-root\" class=\"kpm_LTR\"><\/div>\n<div id=\"kpm-root\" class=\"kpm_LTR\"><\/div>\n<div id=\"kpm-root\" class=\"kpm_LTR\"><\/div>\n<div id=\"kpm-root\" class=\"kpm_LTR\"><\/div>\n<div id=\"kpm-root\" class=\"kpm_LTR\"><\/div>\n<div id=\"kpm-root\" class=\"kpm_LTR\"><\/div>\n<div id=\"kpm-root\" class=\"kpm_LTR\"><\/div>\n","protected":false},"excerpt":{"rendered":"<p>Gesamtbeirat &nbsp; &nbsp;<\/p>\n","protected":false},"author":1,"featured_media":0,"parent":0,"menu_order":0,"comment_status":"closed","ping_status":"closed","template":"","meta":{"footnotes":""},"class_list":["post-2665","page","type-page","status-publish","hentry","no-thumb"],"_links":{"self":[{"href":"https:\/\/chorverband-region-kocher.de\/cms\/wp-json\/wp\/v2\/pages\/2665","targetHints":{"allow":["GET"]}}],"collection":[{"href":"https:\/\/chorverband-region-kocher.de\/cms\/wp-json\/wp\/v2\/pages"}],"about":[{"href":"https:\/\/chorverband-region-kocher.de\/cms\/wp-json\/wp\/v2\/types\/page"}],"author":[{"embeddable":true,"href":"https:\/\/chorverband-region-kocher.de\/cms\/wp-json\/wp\/v2\/users\/1"}],"replies":[{"embeddable":true,"href":"https:\/\/chorverband-region-kocher.de\/cms\/wp-json\/wp\/v2\/comments?post=2665"}],"version-history":[{"count":41,"href":"https:\/\/chorverband-region-kocher.de\/cms\/wp-json\/wp\/v2\/pages\/2665\/revisions"}],"predecessor-version":[{"id":5453,"href":"https:\/\/chorverband-region-kocher.de\/cms\/wp-json\/wp\/v2\/pages\/2665\/revisions\/5453"}],"wp:attachment":[{"href":"https:\/\/chorverband-region-kocher.de\/cms\/wp-json\/wp\/v2\/media?parent=2665"}],"curies":[{"name":"wp","href":"https:\/\/api.w.org\/{rel}","templated":true}]}}

<h1>Gesamtbeirat</h1>
<p>&nbsp;</p>
<p>&nbsp;</p>
<figure id="attachment_5381" aria-describedby="caption-attachment-5381" style="width: 1072px" class="wp-caption alignnone"><img loading="lazy" decoding="async" class=" wp-image-5381" src="https://chorverband-region-kocher.de/cms/wp-content/uploads/2024/06/CVRK-Praesidium-und-Beirat-2024-300x225.jpg" alt="" width="1072" height="804" srcset="https://chorverband-region-kocher.de/cms/wp-content/uploads/2024/06/CVRK-Praesidium-und-Beirat-2024-300x225.jpg 300w, https://chorverband-region-kocher.de/cms/wp-content/uploads/2024/06/CVRK-Praesidium-und-Beirat-2024-1024x768.jpg 1024w, https://chorverband-region-kocher.de/cms/wp-content/uploads/2024/06/CVRK-Praesidium-und-Beirat-2024-768x576.jpg 768w, https://chorverband-region-kocher.de/cms/wp-content/uploads/2024/06/CVRK-Praesidium-und-Beirat-2024-1536x1152.jpg 1536w, https://chorverband-region-kocher.de/cms/wp-content/uploads/2024/06/CVRK-Praesidium-und-Beirat-2024-2048x1536.jpg 2048w, https://chorverband-region-kocher.de/cms/wp-content/uploads/2024/06/CVRK-Praesidium-und-Beirat-2024-418x314.jpg 418w, https://chorverband-region-kocher.de/cms/wp-content/uploads/2024/06/CVRK-Praesidium-und-Beirat-2024-301x226.jpg 301w" sizes="auto, (max-width: 1072px) 100vw, 1072px" /><figcaption id="caption-attachment-5381" class="wp-caption-text">von links: Rainer Langenstein, Elvira Kugler, Bernhard Lack, Roland Miola, Monika Mogler, Erika Bauer, Sigrid Hille, Karl-Heinz Gollowitsch, Martina Betz, Manfred Ruchozki, Heinz Groß (Angela Westhäußer-Kowalski fehlt)</figcaption></figure>
<div id="kpm-root" class="kpm_LTR"></div>
<div id="kpm-root" class="kpm_LTR"></div>
<div id="kpm-root" class="kpm_LTR"></div>
<div id="kpm-root" class="kpm_LTR"></div>
<div id="kpm-root" class="kpm_LTR"></div>
<div id="kpm-root" class="kpm_LTR"></div>
<div id="kpm-root" class="kpm_LTR"></div>
<div id="kpm-root" class="kpm_LTR"></div>
<div id="kpm-root" class="kpm_LTR"></div>
<div id="kpm-root" class="kpm_LTR"></div>
<div id="kpm-root" class="kpm_LTR"></div>
