{"id":3189,"date":"2018-04-15T14:18:59","date_gmt":"2018-04-15T12:18:59","guid":{"rendered":"https:\/\/chorverband-region-kocher.de\/cms\/?page_id=3189"},"modified":"2023-02-15T09:03:54","modified_gmt":"2023-02-15T08:03:54","slug":"ehrungen-langjaehriger-mitglieder","status":"publish","type":"page","link":"https:\/\/chorverband-region-kocher.de\/cms\/jubilaeen\/ehrungen-langjaehriger-mitglieder\/","title":{"rendered":"Ehrungen langj\u00e4hriger Mitglieder"},"content":{"rendered":"<p>Ehrungen im Jahr 2023 F\u00fcr 30 Jahre: Ehrung durch CVRK Liederkranz Ottendorf Renate Dietz M\u00e4nnergesangverein Hohebach Jochen Egner F\u00fcr 40 Jahre: Silberne Ehrenbrosche\/-nadel des SCV Frohsinn Kupferzell Franz Denko f\u00fcr 50 Jahre: Goldene Ehrenbrosche\/-nadel des DCV MGV Fro <a href=\"https:\/\/chorverband-region-kocher.de\/cms\/jubilaeen\/ehrungen-langjaehriger-mitglieder\/\" title=\"Read more on Ehrungen langj\u00e4hriger Mitglieder\" class=\"more-link\">read more<\/a><\/p>\n","protected":false},"excerpt":{"rendered":"<p>Ehrungen im Jahr 2023 F\u00fcr 30 Jahre: Ehrung durch CVRK Liederkranz Ottendorf Renate Dietz M\u00e4nnergesangverein Hohebach Jochen Egner F\u00fcr 40 Jahre: Silberne Ehrenbrosche\/-nadel des SCV Frohsinn Kupferzell Franz Denko f\u00fcr &hellip;<\/p>\n","protected":false},"author":4,"featured_media":0,"parent":2439,"menu_order":0,"comment_status":"closed","ping_status":"closed","template":"","meta":{"footnotes":""},"class_list":["post-3189","page","type-page","status-publish","hentry","no-thumb"],"_links":{"self":[{"href":"https:\/\/chorverband-region-kocher.de\/cms\/wp-json\/wp\/v2\/pages\/3189","targetHints":{"allow":["GET"]}}],"collection":[{"href":"https:\/\/chorverband-region-kocher.de\/cms\/wp-json\/wp\/v2\/pages"}],"about":[{"href":"https:\/\/chorverband-region-kocher.de\/cms\/wp-json\/wp\/v2\/types\/page"}],"author":[{"embeddable":true,"href":"https:\/\/chorverband-region-kocher.de\/cms\/wp-json\/wp\/v2\/users\/4"}],"replies":[{"embeddable":true,"href":"https:\/\/chorverband-region-kocher.de\/cms\/wp-json\/wp\/v2\/comments?post=3189"}],"version-history":[{"count":51,"href":"https:\/\/chorverband-region-kocher.de\/cms\/wp-json\/wp\/v2\/pages\/3189\/revisions"}],"predecessor-version":[{"id":4229,"href":"https:\/\/chorverband-region-kocher.de\/cms\/wp-json\/wp\/v2\/pages\/3189\/revisions\/4229"}],"up":[{"embeddable":true,"href":"https:\/\/chorverband-region-kocher.de\/cms\/wp-json\/wp\/v2\/pages\/2439"}],"wp:attachment":[{"href":"https:\/\/chorverband-region-kocher.de\/cms\/wp-json\/wp\/v2\/media?parent=3189"}],"curies":[{"name":"wp","href":"https:\/\/api.w.org\/{rel}","templated":true}]}}

Ehrungen langjähriger Mitglieder

<p>Ehrungen im Jahr 2023 Für 30 Jahre: Ehrung durch CVRK Liederkranz Ottendorf Renate Dietz Männergesangverein Hohebach Jochen Egner Für 40 Jahre: Silberne Ehrenbrosche/-nadel des SCV Frohsinn Kupferzell Franz Denko für 50 Jahre: Goldene Ehrenbrosche/-nadel des DCV MGV Fro <a href="https://chorverband-region-kocher.de/cms/jubilaeen/ehrungen-langjaehriger-mitglieder/" title="Read more on Ehrungen langjähriger Mitglieder" class="more-link">read more</a></p>

<p>Ehrungen im Jahr 2023 Für 30 Jahre: Ehrung durch CVRK Liederkranz Ottendorf Renate Dietz Männergesangverein Hohebach Jochen Egner Für 40 Jahre: Silberne Ehrenbrosche/-nadel des SCV Frohsinn Kupferzell Franz Denko für &hellip;</p>
