{"id":3897,"date":"2022-05-18T17:21:51","date_gmt":"2022-05-18T15:21:51","guid":{"rendered":"https:\/\/chorverband-region-kocher.de\/cms\/?post_type=tribe_events&#038;p=3897"},"modified":"2023-08-27T19:36:45","modified_gmt":"2023-08-27T17:36:45","slug":"125-jahre-chorverband-region-kocher-e-v-3","status":"publish","type":"tribe_events","link":"https:\/\/chorverband-region-kocher.de\/cms\/termin\/125-jahre-chorverband-region-kocher-e-v-3\/","title":{"rendered":"125 Jahre Chorverband Region Kocher e.V. &#8211; Tag der Kirchenmusik"},"content":{"rendered":"<h2><img loading=\"lazy\" decoding=\"async\" class=\"wp-image-4142 alignleft\" src=\"https:\/\/chorverband-region-kocher.de\/cms\/wp-content\/uploads\/2023\/01\/Neu-Logo_Chorverband-Region-Kocher_Vorlage.jpg\" alt=\"\" width=\"155\" height=\"155\" srcset=\"https:\/\/chorverband-region-kocher.de\/cms\/wp-content\/uploads\/2023\/01\/Neu-Logo_Chorverband-Region-Kocher_Vorlage.jpg 283w, https:\/\/chorverband-region-kocher.de\/cms\/wp-content\/uploads\/2023\/01\/Neu-Logo_Chorverband-Region-Kocher_Vorlage-150x150.jpg 150w\" sizes=\"auto, (max-width: 155px) 100vw, 155px\" \/><\/h2>\n<h2><\/h2>\n<h2><\/h2>\n<h2><strong>Tag der Kirchenmusik in \u00d6hringen<\/strong><\/h2>\n<p>&nbsp;<\/p>\n<p><strong><img loading=\"lazy\" decoding=\"async\" class=\"size-medium wp-image-4150 alignright\" src=\"https:\/\/chorverband-region-kocher.de\/cms\/wp-content\/uploads\/2023\/01\/Stiftskirche-Marktplatz-150x300.jpg\" alt=\"\" width=\"150\" height=\"300\" srcset=\"https:\/\/chorverband-region-kocher.de\/cms\/wp-content\/uploads\/2023\/01\/Stiftskirche-Marktplatz-150x300.jpg 150w, https:\/\/chorverband-region-kocher.de\/cms\/wp-content\/uploads\/2023\/01\/Stiftskirche-Marktplatz-512x1024.jpg 512w, https:\/\/chorverband-region-kocher.de\/cms\/wp-content\/uploads\/2023\/01\/Stiftskirche-Marktplatz.jpg 513w\" sizes=\"auto, (max-width: 150px) 100vw, 150px\" \/>Konzert in der evangelischen Stiftskirche und in der katholischen Kirche St. Joseph<br \/>\n<\/strong><\/p>\n<p><strong><img loading=\"lazy\" decoding=\"async\" class=\"wp-image-4149 alignleft\" src=\"https:\/\/chorverband-region-kocher.de\/cms\/wp-content\/uploads\/2023\/01\/Oehringen_St._Joseph_Kirch-300x300.jpg\" alt=\"\" width=\"226\" height=\"226\" srcset=\"https:\/\/chorverband-region-kocher.de\/cms\/wp-content\/uploads\/2023\/01\/Oehringen_St._Joseph_Kirch-300x300.jpg 300w, https:\/\/chorverband-region-kocher.de\/cms\/wp-content\/uploads\/2023\/01\/Oehringen_St._Joseph_Kirch-150x150.jpg 150w, https:\/\/chorverband-region-kocher.de\/cms\/wp-content\/uploads\/2023\/01\/Oehringen_St._Joseph_Kirch.jpg 335w\" sizes=\"auto, (max-width: 226px) 100vw, 226px\" \/><\/strong>N\u00e4here Angaben gibt es bei<br \/>\nAktuell -&gt; Jubil\u00e4um 125 Jahre<strong> -&gt; <a href=\"https:\/\/chorverband-region-kocher.de\/cms\/tag-der-kirchenmusik-in-oehringen\/\">Tag der Kirchenmusik in \u00d6hringen<\/a><br \/>\n<\/strong><\/p>\n","protected":false},"excerpt":{"rendered":"<p>Tag der Kirchenmusik in \u00d6hringen &nbsp; Konzert in der evangelischen Stiftskirche und in der katholischen Kirche St. Joseph N\u00e4here Angaben gibt es bei Aktuell -&gt; Jubil\u00e4um 125 Jahre -&gt; Tag &hellip;<\/p>\n","protected":false},"author":5,"featured_media":0,"template":"","meta":{"_tribe_events_status":"","_tribe_events_status_reason":"","footnotes":""},"tags":[],"tribe_events_cat":[],"class_list":["post-3897","tribe_events","type-tribe_events","status-publish","hentry","no-thumb"],"_links":{"self":[{"href":"https:\/\/chorverband-region-kocher.de\/cms\/wp-json\/wp\/v2\/tribe_events\/3897","targetHints":{"allow":["GET"]}}],"collection":[{"href":"https:\/\/chorverband-region-kocher.de\/cms\/wp-json\/wp\/v2\/tribe_events"}],"about":[{"href":"https:\/\/chorverband-region-kocher.de\/cms\/wp-json\/wp\/v2\/types\/tribe_events"}],"author":[{"embeddable":true,"href":"https:\/\/chorverband-region-kocher.de\/cms\/wp-json\/wp\/v2\/users\/5"}],"version-history":[{"count":12,"href":"https:\/\/chorverband-region-kocher.de\/cms\/wp-json\/wp\/v2\/tribe_events\/3897\/revisions"}],"predecessor-version":[{"id":5153,"href":"https:\/\/chorverband-region-kocher.de\/cms\/wp-json\/wp\/v2\/tribe_events\/3897\/revisions\/5153"}],"wp:attachment":[{"href":"https:\/\/chorverband-region-kocher.de\/cms\/wp-json\/wp\/v2\/media?parent=3897"}],"wp:term":[{"taxonomy":"post_tag","embeddable":true,"href":"https:\/\/chorverband-region-kocher.de\/cms\/wp-json\/wp\/v2\/tags?post=3897"},{"taxonomy":"tribe_events_cat","embeddable":true,"href":"https:\/\/chorverband-region-kocher.de\/cms\/wp-json\/wp\/v2\/tribe_events_cat?post=3897"}],"curies":[{"name":"wp","href":"https:\/\/api.w.org\/{rel}","templated":true}]}}

<h2><img loading="lazy" decoding="async" class="wp-image-4142 alignleft" src="https://chorverband-region-kocher.de/cms/wp-content/uploads/2023/01/Neu-Logo_Chorverband-Region-Kocher_Vorlage.jpg" alt="" width="155" height="155" srcset="https://chorverband-region-kocher.de/cms/wp-content/uploads/2023/01/Neu-Logo_Chorverband-Region-Kocher_Vorlage.jpg 283w, https://chorverband-region-kocher.de/cms/wp-content/uploads/2023/01/Neu-Logo_Chorverband-Region-Kocher_Vorlage-150x150.jpg 150w" sizes="auto, (max-width: 155px) 100vw, 155px" /></h2>
<h2></h2>
<h2></h2>
<h2><strong>Tag der Kirchenmusik in Öhringen</strong></h2>
<p>&nbsp;</p>
<p><strong><img loading="lazy" decoding="async" class="size-medium wp-image-4150 alignright" src="https://chorverband-region-kocher.de/cms/wp-content/uploads/2023/01/Stiftskirche-Marktplatz-150x300.jpg" alt="" width="150" height="300" srcset="https://chorverband-region-kocher.de/cms/wp-content/uploads/2023/01/Stiftskirche-Marktplatz-150x300.jpg 150w, https://chorverband-region-kocher.de/cms/wp-content/uploads/2023/01/Stiftskirche-Marktplatz-512x1024.jpg 512w, https://chorverband-region-kocher.de/cms/wp-content/uploads/2023/01/Stiftskirche-Marktplatz.jpg 513w" sizes="auto, (max-width: 150px) 100vw, 150px" />Konzert in der evangelischen Stiftskirche und in der katholischen Kirche St. Joseph<br />
</strong></p>
<p><strong><img loading="lazy" decoding="async" class="wp-image-4149 alignleft" src="https://chorverband-region-kocher.de/cms/wp-content/uploads/2023/01/Oehringen_St._Joseph_Kirch-300x300.jpg" alt="" width="226" height="226" srcset="https://chorverband-region-kocher.de/cms/wp-content/uploads/2023/01/Oehringen_St._Joseph_Kirch-300x300.jpg 300w, https://chorverband-region-kocher.de/cms/wp-content/uploads/2023/01/Oehringen_St._Joseph_Kirch-150x150.jpg 150w, https://chorverband-region-kocher.de/cms/wp-content/uploads/2023/01/Oehringen_St._Joseph_Kirch.jpg 335w" sizes="auto, (max-width: 226px) 100vw, 226px" /></strong>Nähere Angaben gibt es bei<br />
Aktuell -&gt; Jubiläum 125 Jahre<strong> -&gt; <a href="https://chorverband-region-kocher.de/cms/tag-der-kirchenmusik-in-oehringen/">Tag der Kirchenmusik in Öhringen</a><br />
</strong></p>

<p>Tag der Kirchenmusik in Öhringen &nbsp; Konzert in der evangelischen Stiftskirche und in der katholischen Kirche St. Joseph Nähere Angaben gibt es bei Aktuell -&gt; Jubiläum 125 Jahre -&gt; Tag &hellip;</p>
