{"id":4062,"date":"2022-12-15T18:07:38","date_gmt":"2022-12-15T17:07:38","guid":{"rendered":"https:\/\/chorverband-region-kocher.de\/cms\/?post_type=tribe_events&#038;p=4062"},"modified":"2022-12-15T18:07:38","modified_gmt":"2022-12-15T17:07:38","slug":"weihnachtliches-konzert-in-neuenstein","status":"publish","type":"tribe_events","link":"https:\/\/chorverband-region-kocher.de\/cms\/termin\/weihnachtliches-konzert-in-neuenstein\/","title":{"rendered":"Weihnachtliches Konzert in Neuenstein"},"content":{"rendered":"<p>Weihnachtliches Konzert mit<\/p>\n<p>dem Hohenloher M\u00e4nnerchor<br \/>\ndem Kammermusik-Ensemble Pfeiffer<br \/>\ndem Posaunenchor Neuenstein<br \/>\nund der Organistin Tanja S\u00fc\u00dfmann<\/p>\n<p>Musikalische leitung: Prof. Thomas Pfeiffer<\/p>\n","protected":false},"excerpt":{"rendered":"<p>Weihnachtliches Konzert mit dem Hohenloher M\u00e4nnerchor dem Kammermusik-Ensemble Pfeiffer dem Posaunenchor Neuenstein und der Organistin Tanja S\u00fc\u00dfmann Musikalische leitung: Prof. Thomas Pfeiffer<\/p>\n","protected":false},"author":4,"featured_media":0,"template":"","meta":{"_tribe_events_status":"","_tribe_events_status_reason":"","footnotes":""},"tags":[],"tribe_events_cat":[],"class_list":["post-4062","tribe_events","type-tribe_events","status-publish","hentry","no-thumb"],"_links":{"self":[{"href":"https:\/\/chorverband-region-kocher.de\/cms\/wp-json\/wp\/v2\/tribe_events\/4062","targetHints":{"allow":["GET"]}}],"collection":[{"href":"https:\/\/chorverband-region-kocher.de\/cms\/wp-json\/wp\/v2\/tribe_events"}],"about":[{"href":"https:\/\/chorverband-region-kocher.de\/cms\/wp-json\/wp\/v2\/types\/tribe_events"}],"author":[{"embeddable":true,"href":"https:\/\/chorverband-region-kocher.de\/cms\/wp-json\/wp\/v2\/users\/4"}],"version-history":[{"count":2,"href":"https:\/\/chorverband-region-kocher.de\/cms\/wp-json\/wp\/v2\/tribe_events\/4062\/revisions"}],"predecessor-version":[{"id":4066,"href":"https:\/\/chorverband-region-kocher.de\/cms\/wp-json\/wp\/v2\/tribe_events\/4062\/revisions\/4066"}],"wp:attachment":[{"href":"https:\/\/chorverband-region-kocher.de\/cms\/wp-json\/wp\/v2\/media?parent=4062"}],"wp:term":[{"taxonomy":"post_tag","embeddable":true,"href":"https:\/\/chorverband-region-kocher.de\/cms\/wp-json\/wp\/v2\/tags?post=4062"},{"taxonomy":"tribe_events_cat","embeddable":true,"href":"https:\/\/chorverband-region-kocher.de\/cms\/wp-json\/wp\/v2\/tribe_events_cat?post=4062"}],"curies":[{"name":"wp","href":"https:\/\/api.w.org\/{rel}","templated":true}]}}

<p>Weihnachtliches Konzert mit</p>
<p>dem Hohenloher Männerchor<br />
dem Kammermusik-Ensemble Pfeiffer<br />
dem Posaunenchor Neuenstein<br />
und der Organistin Tanja Süßmann</p>
<p>Musikalische leitung: Prof. Thomas Pfeiffer</p>

<p>Weihnachtliches Konzert mit dem Hohenloher Männerchor dem Kammermusik-Ensemble Pfeiffer dem Posaunenchor Neuenstein und der Organistin Tanja Süßmann Musikalische leitung: Prof. Thomas Pfeiffer</p>
