{"id":5397,"date":"2024-09-29T17:50:36","date_gmt":"2024-09-29T15:50:36","guid":{"rendered":"https:\/\/chorverband-region-kocher.de\/cms\/?post_type=tribe_events&#038;p=5397"},"modified":"2024-09-29T18:14:47","modified_gmt":"2024-09-29T16:14:47","slug":"jubilaeumskonzert-gesangverein-germania-mangoldsall-fuessbach","status":"publish","type":"tribe_events","link":"https:\/\/chorverband-region-kocher.de\/cms\/termin\/jubilaeumskonzert-gesangverein-germania-mangoldsall-fuessbach\/","title":{"rendered":"Jubil\u00e4umskonzert Gesangverein Germania Mangoldsall-F\u00fc\u00dfbach"},"content":{"rendered":"<p>GESANGVEREIN GERMANIA \u00a0\u00a0 \u00a0\u00a0\u00a0\u00a0\u00a0\u00a0\u00a0\u00a0\u00a0\u00a0\u00a0\u00a0\u00a0\u00a0\u00a0\u00a0\u00a0\u00a0\u00a0\u00a0\u00a0\u00a0\u00a0\u00a0\u00a0\u00a0\u00a0\u00a0\u00a0\u00a0\u00a0\u00a0\u00a0\u00a0\u00a0\u00a0\u00a0\u00a0\u00a0\u00a0\u00a0\u00a0\u00a0\u00a0\u00a0\u00a0\u00a0\u00a0\u00a0\u00a0\u00a0\u00a0\u00a0\u00a0\u00a0\u00a0\u00a0\u00a0\u00a0\u00a0\u00a0\u00a0\u00a0\u00a0\u00a0\u00a0\u00a0\u00a0\u00a0\u00a0\u00a0\u00a0\u00a0\u00a0\u00a0\u00a0\u00a0\u00a0\u00a0\u00a0\u00a0\u00a0\u00a0\u00a0 <img loading=\"lazy\" decoding=\"async\" class=\"wp-image-5393 alignleft\" src=\"https:\/\/chorverband-region-kocher.de\/cms\/wp-content\/uploads\/2024\/09\/Plakat-Kupferzell-203x300.jpg\" alt=\"\" width=\"263\" height=\"389\" srcset=\"https:\/\/chorverband-region-kocher.de\/cms\/wp-content\/uploads\/2024\/09\/Plakat-Kupferzell-203x300.jpg 203w, https:\/\/chorverband-region-kocher.de\/cms\/wp-content\/uploads\/2024\/09\/Plakat-Kupferzell-693x1024.jpg 693w, https:\/\/chorverband-region-kocher.de\/cms\/wp-content\/uploads\/2024\/09\/Plakat-Kupferzell-768x1135.jpg 768w, https:\/\/chorverband-region-kocher.de\/cms\/wp-content\/uploads\/2024\/09\/Plakat-Kupferzell-1039x1536.jpg 1039w, https:\/\/chorverband-region-kocher.de\/cms\/wp-content\/uploads\/2024\/09\/Plakat-Kupferzell-418x618.jpg 418w, https:\/\/chorverband-region-kocher.de\/cms\/wp-content\/uploads\/2024\/09\/Plakat-Kupferzell.jpg 1051w\" sizes=\"auto, (max-width: 263px) 100vw, 263px\" \/><br \/>\nMANGOLDSALL \u2013 F\u00dcSSBACH E.V. 1910<br \/>\nB\u00fcrgermeisteramt Kupferzell Herr B\u00fcrgermeister Christoph Spieles<br \/>\nWalter Bartholom\u00e4, Vorstand, Marktplatz 14-16 Sallstra\u00dfe 13<br \/>\n74635 Kupferzell 74635 Kupferzell-Mangoldsall<br \/>\nwalter.bartholomae@outlook.com<br \/>\n<strong>25 Jahre Gemischter Chor \u2013 Ein Grund zu feiern<\/strong><br \/>\nDer Gesangverein Germania Mangoldsall-F\u00fc\u00dfbach unter der<br \/>\nLeitung von Thomas Pfeiffer feiert<br \/>\ndas 25-j\u00e4hrige Bestehen des Gemischten Chors und l\u00e4dt dazu herzlich ein.<br \/>\nSonntag, 13. Oktober 2024 um 18.00 Uhr<br \/>\nIn der evangelischen Kirche in Kupferzell<br \/>\nEintritt frei!<br \/>\nUnter dem Motto \u201eGeistliche Musik \u2013 Gestern und Heute\u201c freuen<br \/>\nwir uns, Sie mit vielseitiger Chorliteratur unterhalten zu d\u00fcrfen.<br \/>\nZu Gast sind der Hohenloher M\u00e4nnerchor unter der Leitung von<br \/>\nThomas Pfeiffer und das Tischharfen-Ensemble D\u00f6ttingen unter<br \/>\nder Leitung von Gisela Pfeiffer.<\/p>\n<p><a href=\"https:\/\/chorverband-region-kocher.de\/cms\/wp-content\/uploads\/2024\/09\/20241013_Einladung-Kirchenkonzert.pdf\">20241013_Einladung Kirchenkonzert<\/a><\/p>\n","protected":false},"excerpt":{"rendered":"<p>GESANGVEREIN GERMANIA \u00a0\u00a0 \u00a0\u00a0\u00a0\u00a0\u00a0\u00a0\u00a0\u00a0\u00a0\u00a0\u00a0\u00a0\u00a0\u00a0\u00a0\u00a0\u00a0\u00a0\u00a0\u00a0\u00a0\u00a0\u00a0\u00a0\u00a0\u00a0\u00a0\u00a0\u00a0\u00a0\u00a0\u00a0\u00a0\u00a0\u00a0\u00a0\u00a0\u00a0\u00a0\u00a0\u00a0\u00a0\u00a0\u00a0\u00a0\u00a0\u00a0\u00a0\u00a0\u00a0\u00a0\u00a0\u00a0\u00a0\u00a0\u00a0\u00a0\u00a0\u00a0\u00a0\u00a0\u00a0\u00a0\u00a0\u00a0\u00a0\u00a0\u00a0\u00a0\u00a0\u00a0\u00a0\u00a0\u00a0\u00a0\u00a0\u00a0\u00a0\u00a0\u00a0\u00a0\u00a0\u00a0\u00a0 MANGOLDSALL \u2013 F\u00dcSSBACH E.V. 1910 B\u00fcrgermeisteramt Kupferzell Herr B\u00fcrgermeister Christoph Spieles Walter Bartholom\u00e4, Vorstand, Marktplatz 14-16 Sallstra\u00dfe 13 74635 Kupferzell 74635 Kupferzell-Mangoldsall walter.bartholomae@outlook.com 25 Jahre Gemischter &hellip;<\/p>\n","protected":false},"author":4,"featured_media":0,"template":"","meta":{"_tribe_events_status":"","_tribe_events_status_reason":"","footnotes":""},"tags":[],"tribe_events_cat":[],"class_list":["post-5397","tribe_events","type-tribe_events","status-publish","hentry","no-thumb"],"_links":{"self":[{"href":"https:\/\/chorverband-region-kocher.de\/cms\/wp-json\/wp\/v2\/tribe_events\/5397","targetHints":{"allow":["GET"]}}],"collection":[{"href":"https:\/\/chorverband-region-kocher.de\/cms\/wp-json\/wp\/v2\/tribe_events"}],"about":[{"href":"https:\/\/chorverband-region-kocher.de\/cms\/wp-json\/wp\/v2\/types\/tribe_events"}],"author":[{"embeddable":true,"href":"https:\/\/chorverband-region-kocher.de\/cms\/wp-json\/wp\/v2\/users\/4"}],"version-history":[{"count":3,"href":"https:\/\/chorverband-region-kocher.de\/cms\/wp-json\/wp\/v2\/tribe_events\/5397\/revisions"}],"predecessor-version":[{"id":5403,"href":"https:\/\/chorverband-region-kocher.de\/cms\/wp-json\/wp\/v2\/tribe_events\/5397\/revisions\/5403"}],"wp:attachment":[{"href":"https:\/\/chorverband-region-kocher.de\/cms\/wp-json\/wp\/v2\/media?parent=5397"}],"wp:term":[{"taxonomy":"post_tag","embeddable":true,"href":"https:\/\/chorverband-region-kocher.de\/cms\/wp-json\/wp\/v2\/tags?post=5397"},{"taxonomy":"tribe_events_cat","embeddable":true,"href":"https:\/\/chorverband-region-kocher.de\/cms\/wp-json\/wp\/v2\/tribe_events_cat?post=5397"}],"curies":[{"name":"wp","href":"https:\/\/api.w.org\/{rel}","templated":true}]}}

Jubiläumskonzert Gesangverein Germania Mangoldsall-Füßbach

<p>GESANGVEREIN GERMANIA                                                                                         <img loading="lazy" decoding="async" class="wp-image-5393 alignleft" src="https://chorverband-region-kocher.de/cms/wp-content/uploads/2024/09/Plakat-Kupferzell-203x300.jpg" alt="" width="263" height="389" srcset="https://chorverband-region-kocher.de/cms/wp-content/uploads/2024/09/Plakat-Kupferzell-203x300.jpg 203w, https://chorverband-region-kocher.de/cms/wp-content/uploads/2024/09/Plakat-Kupferzell-693x1024.jpg 693w, https://chorverband-region-kocher.de/cms/wp-content/uploads/2024/09/Plakat-Kupferzell-768x1135.jpg 768w, https://chorverband-region-kocher.de/cms/wp-content/uploads/2024/09/Plakat-Kupferzell-1039x1536.jpg 1039w, https://chorverband-region-kocher.de/cms/wp-content/uploads/2024/09/Plakat-Kupferzell-418x618.jpg 418w, https://chorverband-region-kocher.de/cms/wp-content/uploads/2024/09/Plakat-Kupferzell.jpg 1051w" sizes="auto, (max-width: 263px) 100vw, 263px" /><br />
MANGOLDSALL – FÜSSBACH E.V. 1910<br />
Bürgermeisteramt Kupferzell Herr Bürgermeister Christoph Spieles<br />
Walter Bartholomä, Vorstand, Marktplatz 14-16 Sallstraße 13<br />
74635 Kupferzell 74635 Kupferzell-Mangoldsall<br />
walter.bartholomae@outlook.com<br />
<strong>25 Jahre Gemischter Chor – Ein Grund zu feiern</strong><br />
Der Gesangverein Germania Mangoldsall-Füßbach unter der<br />
Leitung von Thomas Pfeiffer feiert<br />
das 25-jährige Bestehen des Gemischten Chors und lädt dazu herzlich ein.<br />
Sonntag, 13. Oktober 2024 um 18.00 Uhr<br />
In der evangelischen Kirche in Kupferzell<br />
Eintritt frei!<br />
Unter dem Motto „Geistliche Musik – Gestern und Heute“ freuen<br />
wir uns, Sie mit vielseitiger Chorliteratur unterhalten zu dürfen.<br />
Zu Gast sind der Hohenloher Männerchor unter der Leitung von<br />
Thomas Pfeiffer und das Tischharfen-Ensemble Döttingen unter<br />
der Leitung von Gisela Pfeiffer.</p>
<p><a href="https://chorverband-region-kocher.de/cms/wp-content/uploads/2024/09/20241013_Einladung-Kirchenkonzert.pdf">20241013_Einladung Kirchenkonzert</a></p>

<p>GESANGVEREIN GERMANIA                                                                                         MANGOLDSALL – FÜSSBACH E.V. 1910 Bürgermeisteramt Kupferzell Herr Bürgermeister Christoph Spieles Walter Bartholomä, Vorstand, Marktplatz 14-16 Sallstraße 13 74635 Kupferzell 74635 Kupferzell-Mangoldsall walter.bartholomae@outlook.com 25 Jahre Gemischter &hellip;</p>
