{"id":5407,"date":"2024-09-29T20:43:41","date_gmt":"2024-09-29T18:43:41","guid":{"rendered":"https:\/\/chorverband-region-kocher.de\/cms\/?post_type=tribe_events&#038;p=5407"},"modified":"2025-01-19T09:31:11","modified_gmt":"2025-01-19T08:31:11","slug":"150jaehriges-jubilaeum-gesangverein-eintracht-grab-1875-e-v-2","status":"publish","type":"tribe_events","link":"https:\/\/chorverband-region-kocher.de\/cms\/termin\/150jaehriges-jubilaeum-gesangverein-eintracht-grab-1875-e-v-2\/","title":{"rendered":"Schlachtplattenhocketse &#8211; 150j\u00e4hriges Jubil\u00e4um Gesangverein Eintracht Grab 1875 e.V."},"content":{"rendered":"<h2>Schlachtplattenhocketse Festscheune in Marb\u00e4chle 19.09 &#8211; 21.09.2025<\/h2>\n<p>Weitere Termine:<\/p>\n<p>Weihnachtskonzert Kirche in Grab Samstag 13.12.2025\u00a0\u00a0 18 Uhr<\/p>\n","protected":false},"excerpt":{"rendered":"<p>Schlachtplattenhocketse Festscheune in Marb\u00e4chle 19.09 &#8211; 21.09.2025 Weitere Termine: Weihnachtskonzert Kirche in Grab Samstag 13.12.2025\u00a0\u00a0 18 Uhr<\/p>\n","protected":false},"author":4,"featured_media":0,"template":"","meta":{"_tribe_events_status":"","_tribe_events_status_reason":"","footnotes":""},"tags":[],"tribe_events_cat":[],"class_list":["post-5407","tribe_events","type-tribe_events","status-publish","hentry","no-thumb"],"_links":{"self":[{"href":"https:\/\/chorverband-region-kocher.de\/cms\/wp-json\/wp\/v2\/tribe_events\/5407","targetHints":{"allow":["GET"]}}],"collection":[{"href":"https:\/\/chorverband-region-kocher.de\/cms\/wp-json\/wp\/v2\/tribe_events"}],"about":[{"href":"https:\/\/chorverband-region-kocher.de\/cms\/wp-json\/wp\/v2\/types\/tribe_events"}],"author":[{"embeddable":true,"href":"https:\/\/chorverband-region-kocher.de\/cms\/wp-json\/wp\/v2\/users\/4"}],"version-history":[{"count":5,"href":"https:\/\/chorverband-region-kocher.de\/cms\/wp-json\/wp\/v2\/tribe_events\/5407\/revisions"}],"predecessor-version":[{"id":5488,"href":"https:\/\/chorverband-region-kocher.de\/cms\/wp-json\/wp\/v2\/tribe_events\/5407\/revisions\/5488"}],"wp:attachment":[{"href":"https:\/\/chorverband-region-kocher.de\/cms\/wp-json\/wp\/v2\/media?parent=5407"}],"wp:term":[{"taxonomy":"post_tag","embeddable":true,"href":"https:\/\/chorverband-region-kocher.de\/cms\/wp-json\/wp\/v2\/tags?post=5407"},{"taxonomy":"tribe_events_cat","embeddable":true,"href":"https:\/\/chorverband-region-kocher.de\/cms\/wp-json\/wp\/v2\/tribe_events_cat?post=5407"}],"curies":[{"name":"wp","href":"https:\/\/api.w.org\/{rel}","templated":true}]}}

Schlachtplattenhocketse &#8211; 150jähriges Jubiläum Gesangverein Eintracht Grab 1875 e.V.

<h2>Schlachtplattenhocketse Festscheune in Marbächle 19.09 &#8211; 21.09.2025</h2>
<p>Weitere Termine:</p>
<p>Weihnachtskonzert Kirche in Grab Samstag 13.12.2025   18 Uhr</p>

<p>Schlachtplattenhocketse Festscheune in Marbächle 19.09 &#8211; 21.09.2025 Weitere Termine: Weihnachtskonzert Kirche in Grab Samstag 13.12.2025   18 Uhr</p>
